{"id":781,"date":"2019-09-19T02:02:38","date_gmt":"2019-09-19T02:02:38","guid":{"rendered":"http:\/\/www.geo.uaic.ro\/cantemirtest\/?page_id=781"},"modified":"2019-09-22T23:52:16","modified_gmt":"2019-09-22T23:52:16","slug":"decouvrez-iasi","status":"publish","type":"page","link":"https:\/\/www.geo.uaic.ro\/cantemir\/fr\/decouvrez-iasi\/","title":{"rendered":"D\u00e9couvrez Iasi"},"content":{"rendered":"\n<p>Pour un guide de meilleurs lieux et exp\u00e9riences dans la ville de Iasi, veuillez consulter le site <a href=\"http:\/\/iasi.travel\/ro\/\" target=\"_blank\" rel=\"noreferrer noopener\" aria-label=\"Iasi.travel (opens in a new tab)\">Iasi.travel<\/a>, cr\u00e9\u00e9e par un collectif des enseignants-chercheurs et \u00e9tudiants du D\u00e9partement de G\u00e9ographie de l\u2019Universit\u00e9 \u00ab\u00a0Alexandru Ioan Cuza\u00a0\u00bb de Iasi.<\/p>\n","protected":false},"excerpt":{"rendered":"<p>Pour un guide de meilleurs lieux et exp\u00e9riences dans la ville de Iasi, veuillez consulter le site Iasi.travel, cr\u00e9\u00e9e par un collectif des enseignants-chercheurs et \u00e9tudiants du D\u00e9partement de G\u00e9ographie de l\u2019Universit\u00e9 \u00ab\u00a0Alexandru Ioan Cuza\u00a0\u00bb de Iasi.<\/p>\n<p class=\"continue-reading-button\"> <a class=\"continue-reading-link\" href=\"https:\/\/www.geo.uaic.ro\/cantemir\/fr\/decouvrez-iasi\/\">Continue reading<i class=\"crycon-right-dir\"><\/i><\/a><\/p>\n","protected":false},"author":1,"featured_media":0,"parent":0,"menu_order":0,"comment_status":"closed","ping_status":"closed","template":"","meta":{"footnotes":""},"class_list":["post-781","page","type-page","status-publish","hentry"],"_links":{"self":[{"href":"https:\/\/www.geo.uaic.ro\/cantemir\/wp-json\/wp\/v2\/pages\/781","targetHints":{"allow":["GET"]}}],"collection":[{"href":"https:\/\/www.geo.uaic.ro\/cantemir\/wp-json\/wp\/v2\/pages"}],"about":[{"href":"https:\/\/www.geo.uaic.ro\/cantemir\/wp-json\/wp\/v2\/types\/page"}],"author":[{"embeddable":true,"href":"https:\/\/www.geo.uaic.ro\/cantemir\/wp-json\/wp\/v2\/users\/1"}],"replies":[{"embeddable":true,"href":"https:\/\/www.geo.uaic.ro\/cantemir\/wp-json\/wp\/v2\/comments?post=781"}],"version-history":[{"count":2,"href":"https:\/\/www.geo.uaic.ro\/cantemir\/wp-json\/wp\/v2\/pages\/781\/revisions"}],"predecessor-version":[{"id":859,"href":"https:\/\/www.geo.uaic.ro\/cantemir\/wp-json\/wp\/v2\/pages\/781\/revisions\/859"}],"wp:attachment":[{"href":"https:\/\/www.geo.uaic.ro\/cantemir\/wp-json\/wp\/v2\/media?parent=781"}],"curies":[{"name":"wp","href":"https:\/\/api.w.org\/{rel}","templated":true}]}}