{"id":448,"date":"2019-09-16T21:25:38","date_gmt":"2019-09-16T21:25:38","guid":{"rendered":"http:\/\/www.geo.uaic.ro\/cantemirtest\/?page_id=448"},"modified":"2026-02-13T15:30:34","modified_gmt":"2026-02-13T13:30:34","slug":"soumission-des-propositions-de-communications2","status":"publish","type":"page","link":"https:\/\/www.geo.uaic.ro\/cantemir\/fr\/soumission-des-propositions-de-communications2\/","title":{"rendered":"Envoi des propositions des communications"},"content":{"rendered":"\n<p id=\"tw-target-text\">Les propositions de soumissions (r\u00e9sum\u00e9s) peuvent \u00eatre soumises en ligne en remplissant le Formulaire d\u2019inscription. La soumission des \u0153uvres n\u00e9cessite de choisir au pr\u00e9alable la section souhait\u00e9e (pour plus de d\u00e9tails sur les sections th\u00e9matiques et sp\u00e9ciales, voir la page Sections).<\/p>\n\n\n\n<p id=\"tw-target-text\">La date limite de soumission des r\u00e9sum\u00e9s est le <strong>15 septembre 2026<\/strong>.<\/p>\n\n\n\n<div class=\"wp-block-buttons is-content-justification-center is-layout-flex wp-container-core-buttons-is-layout-16018d1d wp-block-buttons-is-layout-flex\">\n<div class=\"wp-block-button is-style-fill\"><a class=\"wp-block-button__link has-black-color has-pale-cyan-blue-background-color has-text-color has-background has-link-color has-small-font-size has-custom-font-size wp-element-button\" href=\"https:\/\/docs.google.com\/forms\/d\/e\/1FAIpQLScSvOfHkIzpFc2oahjoLq3NiYY8hribsPPNTT1PtuygKbk_bw\/viewform?usp=publish-editor\" style=\"border-radius:11px\" target=\"_blank\" rel=\"https:\/\/forms.gle\/xtMSXEiAyfucLfx6A noreferrer noopener\"><mark style=\"background-color:#8ed1fc\" class=\"has-inline-color has-black-color\"><strong>Formulaire d&#8217;inscription<\/strong><\/mark><\/a><\/div>\n<\/div>\n","protected":false},"excerpt":{"rendered":"<p>Les propositions de soumissions (r\u00e9sum\u00e9s) peuvent \u00eatre soumises en ligne en remplissant le Formulaire d\u2019inscription. La soumission des \u0153uvres n\u00e9cessite de choisir au pr\u00e9alable la section souhait\u00e9e (pour plus de d\u00e9tails sur les sections th\u00e9matiques et sp\u00e9ciales, voir la page Sections). La date limite de soumission des r\u00e9sum\u00e9s est le&#8230;<\/p>\n<p class=\"continue-reading-button\"> <a class=\"continue-reading-link\" href=\"https:\/\/www.geo.uaic.ro\/cantemir\/fr\/soumission-des-propositions-de-communications2\/\">Continue reading<i class=\"crycon-right-dir\"><\/i><\/a><\/p>\n","protected":false},"author":1,"featured_media":0,"parent":0,"menu_order":0,"comment_status":"closed","ping_status":"closed","template":"","meta":{"footnotes":""},"class_list":["post-448","page","type-page","status-publish","hentry"],"_links":{"self":[{"href":"https:\/\/www.geo.uaic.ro\/cantemir\/wp-json\/wp\/v2\/pages\/448","targetHints":{"allow":["GET"]}}],"collection":[{"href":"https:\/\/www.geo.uaic.ro\/cantemir\/wp-json\/wp\/v2\/pages"}],"about":[{"href":"https:\/\/www.geo.uaic.ro\/cantemir\/wp-json\/wp\/v2\/types\/page"}],"author":[{"embeddable":true,"href":"https:\/\/www.geo.uaic.ro\/cantemir\/wp-json\/wp\/v2\/users\/1"}],"replies":[{"embeddable":true,"href":"https:\/\/www.geo.uaic.ro\/cantemir\/wp-json\/wp\/v2\/comments?post=448"}],"version-history":[{"count":20,"href":"https:\/\/www.geo.uaic.ro\/cantemir\/wp-json\/wp\/v2\/pages\/448\/revisions"}],"predecessor-version":[{"id":2496,"href":"https:\/\/www.geo.uaic.ro\/cantemir\/wp-json\/wp\/v2\/pages\/448\/revisions\/2496"}],"wp:attachment":[{"href":"https:\/\/www.geo.uaic.ro\/cantemir\/wp-json\/wp\/v2\/media?parent=448"}],"curies":[{"name":"wp","href":"https:\/\/api.w.org\/{rel}","templated":true}]}}