{"id":27,"date":"2020-02-24T17:51:12","date_gmt":"2020-02-24T17:51:12","guid":{"rendered":"http:\/\/www.geo.uaic.ro\/afgp2020\/?page_id=27"},"modified":"2022-07-07T04:01:34","modified_gmt":"2022-07-07T04:01:34","slug":"accueil","status":"publish","type":"page","link":"https:\/\/www.geo.uaic.ro\/afgp2022\/","title":{"rendered":"Accueil"},"content":{"rendered":"<p>VII\u00e8me Colloque de l\u2019Association francophone de G\u00e9ographie physique (AFGP)<br \/>\n\u00ab Dynamiques g\u00e9osyst\u00e9miques &#8211; d\u00e9fis actuels et futurs \u00bb<br \/>\nIasi, Roumanie, 14 &#8211; 16 octobre 2022<\/p>\n<p>Le VII\u00e8me Colloque de l\u2019Association francophone de G\u00e9ographie physique (AFGP) se tiendra \u00e0 Iasi (Roumanie) du vendredi 14 au dimanche 16 octobre 2022. Il aura pour th\u00e8me \u00ab Dynamiques g\u00e9osyst\u00e9miques \u2013 d\u00e9fis actuels et futurs \u00bb. Il sera organis\u00e9 par le D\u00e9partement de G\u00e9ographie de la Facult\u00e9 de G\u00e9ographie et G\u00e9ologie (http:\/\/www.geo.uaic.ro) de l\u2019Universit\u00e9 \u201cAlexandru Ioan Cuza\u201d de Iasi (https:\/\/www.uaic.ro).<\/p>\n<p>Les objectifs du colloque visent l&#8217;analyse des composants g\u00e9ographiques naturels (relief, air, eau, sol) et anthropiques \u00e0 diff\u00e9rentes \u00e9chelles, leur \u00e9volution, les changements des relations (causales, spatiales, dynamiques etc.) entre eux, la r\u00e9silience des syst\u00e8mes ainsi que l\u2019adaptation \u00e0 des environnements changeants.<\/p>\n<p>Des travaux originaux de nature pratique ou th\u00e9orique seront consid\u00e9r\u00e9s pour le colloque, pr\u00e9sentant des recherches ou des applications sp\u00e9cialis\u00e9es ou interdisciplinaires, abordant divers aspects de la g\u00e9ographie physique.<\/p>\n<p>Les 14 et 15 octobre seront consacr\u00e9s aux conf\u00e9rences pl\u00e9ni\u00e8res, aux communications et aux affiches. Le dimanche 16 octobre, une excursion de d\u00e9couverte de la r\u00e9gion du Nord-Est de la Roumanie sera organis\u00e9e.<\/p>\n","protected":false},"excerpt":{"rendered":"<p>VII\u00e8me Colloque de l\u2019Association francophone de G\u00e9ographie physique (AFGP) \u00ab Dynamiques g\u00e9osyst\u00e9miques &#8211; d\u00e9fis actuels et futurs \u00bb Iasi, Roumanie, 14 &#8211; 16 octobre 2022 Le VII\u00e8me Colloque de l\u2019Association francophone de G\u00e9ographie physique (AFGP) se tiendra \u00e0 Iasi (Roumanie) du vendredi 14 au dimanche 16 octobre 2022. Il aura&#8230;<\/p>\n<p class=\"continue-reading-button\"> <a class=\"continue-reading-link\" href=\"https:\/\/www.geo.uaic.ro\/afgp2022\/\">Continue reading<i class=\"crycon-right-dir\"><\/i><\/a><\/p>\n","protected":false},"author":1,"featured_media":0,"parent":0,"menu_order":0,"comment_status":"closed","ping_status":"closed","template":"","meta":{"footnotes":""},"class_list":["post-27","page","type-page","status-publish","hentry"],"_links":{"self":[{"href":"https:\/\/www.geo.uaic.ro\/afgp2022\/wp-json\/wp\/v2\/pages\/27","targetHints":{"allow":["GET"]}}],"collection":[{"href":"https:\/\/www.geo.uaic.ro\/afgp2022\/wp-json\/wp\/v2\/pages"}],"about":[{"href":"https:\/\/www.geo.uaic.ro\/afgp2022\/wp-json\/wp\/v2\/types\/page"}],"author":[{"embeddable":true,"href":"https:\/\/www.geo.uaic.ro\/afgp2022\/wp-json\/wp\/v2\/users\/1"}],"replies":[{"embeddable":true,"href":"https:\/\/www.geo.uaic.ro\/afgp2022\/wp-json\/wp\/v2\/comments?post=27"}],"version-history":[{"count":8,"href":"https:\/\/www.geo.uaic.ro\/afgp2022\/wp-json\/wp\/v2\/pages\/27\/revisions"}],"predecessor-version":[{"id":166,"href":"https:\/\/www.geo.uaic.ro\/afgp2022\/wp-json\/wp\/v2\/pages\/27\/revisions\/166"}],"wp:attachment":[{"href":"https:\/\/www.geo.uaic.ro\/afgp2022\/wp-json\/wp\/v2\/media?parent=27"}],"curies":[{"name":"wp","href":"https:\/\/api.w.org\/{rel}","templated":true}]}}